w) = 5*w. Calculate i(z).
10
Let m(k) = -k**3 + 3*k**2 - 2*k + 2. Let z = 8 + -5. Determine m(z).
-4
Let b(w) = 4*w**3 + w - 1. Let t be b(1). Suppose 8*a = 3*v + 3*a, 0 = -2*v + a + 7. Let n(d) = 2*d**2 - 3*d**2 + 2*d + 4*d - v. What is n(t)?
3
Let i(s) = -3*s + 0*s - s + s. Suppose 3*x + 9 = 0, 5*w + 9 = -4*x + 2. What is i(w)?
-3
Let d(n) = -3*n**3 + 15*n**2 - 5*n - 17. Let k(v) = 2*v**3 - 8*v**2 + 3*v + 9. Let z(m) = 3*d(m) + 5*k(m). Calculate z(-5).
-6
Let a(j) be the first derivative of -j**3/3 - j - 1. Suppose -2*y - l + 0 + 2 = 0, -8 = -5*y - l. What is a(y)?
-5
Let u(s) = s**3 - 4*s**2 + 2*s - 4. Let o(z) = z**3 + 8*z**2 + 6*z - 2. Let m be o(-7). Suppose -m*w + 0*w = -20. Suppose l - w = -0. Calculate u(l).
4
Let m(j) be the third derivative of j**2 + 0*j**3 + 0 - 1/12*j**4 + 0*j. Determine m(2).
-4
Let n(s) = 6*s**3 + s + 1. Let t(p) = -p**2 - 3*p + 3. Suppose 5*l + 8 + 12 = 0. Let m be t(l). Calculate n(m).
-6
Let p be (2 - 3) + (2 - 1). Let u(h) = 8*h**2 - h + 12 - 9*h**2 - 13. Calculate u(p).
-1
Let a(w) be the second derivative of w**5/20 - w**4/2 - 6*w. Give a(6).
0
Let q(x) = -9*x**2 + 9*x - 6. Let u(h) = 4*h**2 - 4*h + 3. Let g(d) = 3*q(d) + 7*u(d). Calculate g(4).
15
Let q = -1 - -3. Let k be (2/q)/(1*-1). Let r(y) = 7*y + 7*y - 7*y + 1 - 6*y. Give r(k).
0
Let f(l) be the first derivative of l**3 - l**2/2 - 2*l + 2. Let y(k) be the first derivative of f(k). What is y(-1)?
-7
Let o(p) = p + 5 + 3 + 0*p + 0*p. Determine o(-7).
1
Suppose 0 = -5*y + 3*i - 49, -4*y + 63 = -9*y - 4*i. Let l = y - -5. Let k(n) = -n**2 - 7*n - 8. Give k(l).
-2
Let q(v) = v**3 + 3*v**2 - 3. Let f be (-4)/14 - 16/(-56). Suppose 20 = 4*y, y + 1 = -2*t - f*t. Give q(t).
-3
Let f(c) be the first derivative of -c**4/2 - 4*c**3/3 - 2*c**2 - 2*c + 1. What is f(-2)?
6
Let d = -25 - -19. Let h(y) = -2*y + 1. Determine h(d).
13
Suppose 10 = -z + 3*z - x, -5*x - 14 = -z. Let l(k) be the third derivative of k**4/24 - 2*k**3/3 + k**2. Calculate l(z).
0
Let q(v) = 4*v - 4. Let x(h) = 13*h - 11. Let c(o) = 8*q(o) - 3*x(o). Determine c(2).
-13
Let y(c) = -2*c + 14. Let a be y(7). Let b(r) = -r + 7. Give b(a).
7
Let n(z) = -7*z + 4*z - 4*z + 2 + 3*z. Let l(v) be the first derivative of -5*v**2/2 + 2*v + 1. Let t(a) = 5*l(a) - 6*n(a). Calculate t(5).
-7
Let r = -44 - -42. Let o(c) = -4*c**2 - 2*c + 1. Give o(r).
-11
Let g be (-1)/12 + (-6)/(-24). Let b(n) be the second derivative of 0 - 2*n - 1/2*n**3 + g*n**4 - n**2. Calculate b(3).
7
Let y(r) = 4*r + 0 + 3 + 2 - r**2. Let d be 17 + -6 + (0 - -3). Let g be 12/42 + 66/d. What is y(g)?
0
Let y(a) be the second derivative of 0*a**2 + 3*a + 0 - 1/6*a**3. What is y(-5)?
5
Let d be (-13)/5 - (-4)/(-10). Let m(k) = 2*k**2 - 1 - k**2 + 5*k - 2*k. Calculate m(d).
-1
Let a = -6 - -12. Suppose -g - 9 = 2*c + 2*c, 2*c = 3*g - 15. Let h = g - a. Let b(t) = t**3 + 4*t**2 + 3*t - 2. What is b(h)?
-2
Let p(y) = -y**3 + y**2 - y + 1. Let w(d) = -4*d**3 - 3 - d**2 - d**3 + 2 - 5*d + 7. Let m(r) = 4*p(r) - w(r). Give m(-5).
-7
Let l(s) be the third derivative of s**7/2520 - s**6/120 - s**5/60 - 5*s**4/24 - s**2. Let o(i) be the second derivative of l(i). Determine o(6).
-2
Let y(i) = -17*i**2 + 12*i + 3. Let r(m) = 6*m**2 - 4*m - 1. Let q(k) = -11*r(k) - 4*y(k). Suppose -2*w = -9*b + 4*b + 12, -3*b + 5*w - 8 = 0. Give q(b).
15
Let g(n) = n**2 - 3*n - 2. Let d be g(4). Let t(x) = -2*x - 9. Let j be t(-9). Let m(w) = -9*w**2 - 3*w**2 + 3*w + j*w**2. Determine m(d).
-6
Let p(f) be the second derivative of f**4/12 - 2*f**3/3 + 3*f**2/2 - 2*f. Suppose -2*u + 3 = v, 4*u + 4*v - 1 = 3. Give p(u).
-1
Let w be (21/14)/((-6)/(-16)). Let g(p) = -4 + w*p - 4*p - 3*p - p**2. What is g(-3)?
-4
Let f(y) = y + 9. Let h(m) = m**3 - 5*m**2 - m. Let s be h(5). Let g be f(s). Let w(x) = x**2 - 2*x - 4. What is w(g)?
4
Let a(v) = 2*v + 3. Let t = 8 + -4. Suppose 5*j = 2*n + 1, 0 = t*n - j - 2 + 13. What is a(n)?
-3
Let y(f) = 4*f**2 + 2 - 3 + 0*f + 4*f - 2*f. Determine y(1).
5
Let j(i) = i - 1. Let o = 3 + -18. Let v = -7 - o. Let k = v + -5. What is j(k)?
2
Let k be -1*-1*2 - 0. Suppose -8 = -k*p - 0*p. Let o(a) = -1 - 6 + p + a. Calculate o(4).
1
Let w be 26/(-7) + (-6)/21. Let o be 1/((-2)/(w + -2)). Suppose -o*c = c. Let s(f) = f**3 + f**2 - f + 5. Determine s(c).
5
Let z(c) = 3. Let g(j) = j - 5. Let n(t) = 3*g(t) + 5*z(t). What is n(1)?
3
Let r = 8 + -3. Let l(k) = 3*k - 3. Let y(m) = 3*m - 4. Let s(o) = 3*l(o) - 4*y(o). Calculate s(r).
-8
Let n(u) = -2 - u**3 + 6*u + 18*u**2 - 6*u**2 - 9*u**2. Determine n(4).
6
Let u = 16 + -12. Suppose 0 = 4*s - u*r + 28, 6 = -3*s + 2*r - 12. Let n(h) = h**2 + 5*h - 3. Give n(s).
-7
Let v(y) = y**3 + 3*y**2 - y. Let r be 38/(-57)*(5 - -1). Give v(r).
-12
Suppose 4*v + 3*u = 8, 0 = 4*v - u - 14 - 10. Suppose -v*h - w - 10 = 0, 13 + 7 = -4*w. Let t(d) = -3*d + 4*d - 1 + d. Determine t(h).
-3
Let n(s) = 2*s**3 + 2*s**2 - 3*s - 2. Suppose -8 = 6*q - 2*q. Give n(q).
-4
Let r(p) = 4*p - 3. Let u(q) = 6*q**2 + 4*q + 2. Let s be u(-2). Let w be (-4)/6 + 102/s. Suppose -5 = -w*i + 5. Give r(i).
5
Let c(h) = h - 7. Let x = 7 - 2. Give c(x).
-2
Let c(r) = 3*r + 5. Let g be (9/18)/(1/(-8)). What is c(g)?
-7
Suppose r + 5*y + 15 = 0, 3*r - 5*y + 6 - 1 = 0. Let n = 10 + r. Let u(a) = a**2 - 5*a - 3. Calculate u(n).
-3
Let c(n) = 3*n + 3. Let t(v) = 2*v + 2*v + 0*v + 6 + 2*v. Let d(l) = -5*c(l) + 3*t(l). Calculate d(-3).
-6
Let z(w) = -w**2 + 5*w - 1. Let k be z(5). Let c(n) = 11*n**2 + n + 1. What is c(k)?
11
Let q = 0 + 1. Let m be (1 + q)/(2/(-3)). Let d(x) = -x**2 - 2*x + 2. Calculate d(m).
-1
Let l(j) be the second derivative of -j**5/40 - 2*j**3/3 - 2*j. Let v(u) be the second derivative of l(u). Determine v(2).
-6
Let n(y) = -17*y**3 - y**2 - 2*y - 1. Suppose z - p = 0, 0*p + 3 = -2*z - p. Determine n(z).
17
Let n(z) = 5*z**2 + z + 1. Let c be (6/4)/((-2)/4). Let s be ((-2 - c)*-1)/1. What is n(s)?
5
Let t(s) = 9*s**3 + s**2 - 2*s. Let z = 14 + -7. Let g(q) = -14*q**3 - q**2 + 3*q. Let d(x) = z*t(x) + 5*g(x). Calculate d(-1).
8
Let f(k) = -90 + 5*k**3 + 91 + 2*k**3 + 7*k**2 - 6*k - 6*k**3. What is f(-8)?
-15
Let g(d) = d - 1. Let o(k) be the second derivative of -k**5/10 + k**4/3 - 2*k**3/3 + k**2 + 5*k. Let v be o(2). Determine g(v).
-7
Let y(h) be the second derivative of h**4/12 + h**3 + 3*h**2/2 + 17*h. Let u(z) = -z**2 - 1. Let b be u(2). Determine y(b).
-2
Suppose 3*o = 13 - 1. Let s be ((-10)/o + 2)*0. Let t(v) = -v**3 - v**2 - 3. What is t(s)?
-3
Let r be 5/(-3) + (-19)/57. Let c(z) = -z**3 - z**2 - 3*z + 1. Let m(t) = -2*t**3 - 2*t**2 - 7*t + 3. Let l(b) = -15*c(b) + 6*m(b). Give l(r).
-15
Let p(a) be the first derivative of -1/2*a**2 - 3*a - 4 + a**3 - 1/4*a**4. Let i = 4 - 1. What is p(i)?
-6
Let n(f) = -f**3 + 2*f**2 - f - 1. Let p = -11 - -37. Let q = 28 - p. Determine n(q).
-3
Let g(s) be the third derivative of -s**6/120 + s**5/60 + 33*s**2. Calculate g(-2).
12
Let r(l) = l**2 - 4*l + 13*l - 5*l - 7 - 5*l. Let p be (-9)/(-3) - (1 + 2). Calculate r(p).
-7
Suppose -t = 3*a + 24 - 5, a = -5. Let s(u) = -4*u + 1. Let n = 5 + 0. Let h(i) = 3*i - 1. Let z(x) = n*s(x) + 6*h(x). Calculate z(t).
7
Let n(l) = -5*l**2 - l + 1. Let o(j) = 9*j**2 + 3*j - 3. Let a(h) = 11*n(h) + 6*o(h). Let v = -181 + 187. Determine a(v).
-1
Let g(d) be the third derivative of 0*d + 4*d**2 + 0 - 1/6*d**3 + 1/24*d**4. Let s = -1 + 2. Calculate g(s).
0
Let t(m) = -m**2 + 7*m - 4. Let h be (-280)/(-12) + 1/(-3). Suppose -2*j = -3*z - h, -3*z = 3*j - 0 + 3. Suppose j = 2*l - 4. Determine t(l).
8
Suppose -2*n - n + 18 = -3*g, -2*g = -4*n + 8. Let t(x) = -x**3 - 8*x**2 + 2. Determine t(g).
2
Suppose -3*i = 5*v + 30, -16 + 6 = 5*v - i. Let l(s) = -s**3 - 4*s**2 - 3*s - 2. Give l(v).
-2
Let b(v) = v**3 + 9*v**2 + 7*v - 12. Let k be b(-8). Let m(g) = -3*g + 5. Calculate m(k).
17
Let z(n) = 66*n - 3*n**2 - n**3 - 66*n - 4. Let y be 0/(1/1) - 3. Calculate z(y).
-4
Let u(h) = h**3 + 2*h**2 - 5*h + 2. Let r = -67 + 63. Give u(r).
-10
Let s(i) = -i**2 - 2*i - 7. Let n(b) = -2 - 4*b - 4 + 4*b - b**2 - b. Let l(w) = 5*n(w) - 6*s(w). Let u(x) = 1. Let j(m) = l(m) - 6*u(m). Give j(-4).
-6
Let x(o) = -4*o**2 + 46*o + 57. Let c(w) = -w**2 + 11*w + 14. Let n(u) = 9*c(u) - 2*x(u). Calculate n(10).
-18
Let t(p) = p**2 - 6*p. Let a(d) = 2*d**2 - 11*d + 1. L